= -5*x + 11 - 55. Let o(n) = -n**3 - 5*n**2 + 5*n + 6. Let u be o(-6). What is the remainder when (-255)/x*u/9 is divided by 9?
7
Suppose -502 = -w - 2*i, -4*w + 1993 = -10*i + 15*i. Calculate the remainder when w is divided by 26.
24
Let p = 673 - 597. Calculate the remainder when p is divided by 8.
4
Let k = 92 - 80. Calculate the remainder when 22 is divided by k.
10
Let y = 575 + -445. What is the remainder when y is divided by 11?
9
Suppose -m - 3*c = 11 + 3, -5*m = -3*c + 16. Let o = m - -20. Let n = 22 - 14. What is the remainder when o is divided by n?
7
Let m(h) = h**3 - 7*h**2 - 17*h + 6. Calculate the remainder when 35 is divided by m(9).
5
Let d(b) = -b**3 + 6*b**2 + 7*b + 4. Let n be d(6). Let t = -29 + n. Calculate the remainder when 50 is divided by t.
16
Let a(k) = -k - 1. Let x be a(-1). Suppose -c + 2 = -x*c. Suppose 41*w - 291 = 25 - 70. What is the remainder when w is divided by c?
0
Let w = -427 - -268. Let l = -31 - w. Suppose 4*c + 4*s = 24 + 76, -5*c = 4*s - l. Calculate the remainder when 81 is divided by c.
25
Let f be (-115)/25 + (-4)/10. Let i = f - -17. Suppose 14*j = -3*j + 374. Calculate the remainder when j is divided by i.
10
Suppose -2*j + 1 = q, 0 = 4*j - 2*q + 3 - 17. Suppose 5*a = -b + 43, -a + 3*a - 5*b = 1. Calculate the remainder when 17 is divided by (-8 + j)/(a/(-12)).
8
Suppose 4*m - 36 = -4*f, -m + 16*f + 11 = 15*f. What is the remainder when 189 is divided by m?
9
Let z be 8/4 + (0 - 3). Let y(s) = -6*s**2 - 2*s - 1. Let p be y(z). What is the remainder when 105/(-10)*(1 + p) is divided by 11?
9
Suppose -3*w + 180 = -117. What is the remainder when w is divided by 50?
49
Let q(m) = m - 9. What is the remainder when 18 is divided by q(13)?
2
What is the remainder when 100 is divided by 1 - (-9 + (-19 - -3))?
22
Let o(n) = 3*n**2 + n - 32. Let d be o(-7). Suppose 0 = 2*q + 5*m - 93, -3*q + d = 2*m - 5*m. Calculate the remainder when q is divided by 7.
4
What is the remainder when 1360/12 - 3 - (-6)/9 is divided by 55?
1
Let l(t) be the second derivative of -t**4/12 - 5*t**3/2 - 12*t**2 - 16*t. What is the remainder when 20 is divided by l(-12)?
8
Suppose 0 = 10*a - 1610 - 180. Calculate the remainder when 194 is divided by a.
15
Let r(o) = o**2 - 6*o + 1. Let u be r(6). What is the remainder when 2*(-226)/(-28) + u/(-7) is divided by 12?
4
Suppose -100 = -16*c + 6*c. Calculate the remainder when c is divided by 7.
3
Let o(r) = r**3 - 7*r**2 - r + 10. Let t be o(7). Let z be (t/(-1))/(-6)*4. Suppose 7*v - 65 = z*v. Calculate the remainder when v is divided by 5.
3
Suppose 0 = -h - 4*q + 805, -6*q - 12 = -2*q. Calculate the remainder when h is divided by 13.
11
Suppose 14 = 5*b - 1. Suppose -3*y + 279 = -b*u, 5*y + 4*u + 267 = 687. Calculate the remainder when y is divided by 9.
7
Let j(l) = 5*l - 3. Calculate the remainder when j(2) is divided by (0 - 1)*(1 + 0 + -6).
2
Suppose -21 = -h - 3*u, -3*h + h + u = -7. Calculate the remainder when (-15)/h*156/(-15) is divided by 7.
5
Suppose 0 = 2*b - 4. What is the remainder when (576/40)/(b/10) is divided by (-2)/(2 - 4)*25?
22
Let d = -200 + 209. Calculate the remainder when 65 is divided by d.
2
Suppose 0 = -43*c + 27*c + 432. Calculate the remainder when 122 is divided by c.
14
Let c = 964 + -688. What is the remainder when c is divided by 70?
66
Suppose 64 = 4*d - 0*d. Let k(a) = -5*a + 5. Let t be k(-5). Calculate the remainder when (t/(-4))/((-1)/4) is divided by d.
14
Let u(i) = 10*i. Let z be u(1). Suppose -4*n - 46 - z = -2*r, -r + 8 = 3*n. Calculate the remainder when (4/((-16)/(-18)))/(3/52) is divided by r.
18
Suppose -5*k = -5*z - 20, k + 0*k - 3*z - 12 = 0. Suppose 2*u + 98 + 48 = k. Let t = u - -104. Calculate the remainder when t is divided by 8.
7
Suppose -6*m - 10*m = -752. Calculate the remainder when 172 is divided by m.
31
Suppose 42*t + 12 = 45*t. Suppose -h = 3*h - 528. Suppose -10 = 5*i + 10, -t*v - 5*i + h = 0. Calculate the remainder when v is divided by 13.
12
Calculate the remainder when 2/6*(351*-6)/(-2) is divided by 44.
43
Let t(y) = 61*y + 35. Calculate the remainder when 478 is divided by t(1).
94
Suppose 18 - 2 = -4*v, r - 3 = -v. Let d = 20 - r. What is the remainder when 4/(-6*(-7)/378) is divided by d?
10
Let h(k) = -42*k - 223. Calculate the remainder when h(-13) is divided by 54.
53
Suppose 0 = -31*o + 34*o - 21. Calculate the remainder when (1 - (-4)/(-3))*-213 is divided by (9/(-6))/(((-14)/24)/o).
17
Suppose 4*y - 2286 - 22 = 0. Calculate the remainder when y is divided by 58.
55
Let v(z) = z**3 + 3*z**2 - 3*z + 3. What is the remainder when (43 - 0)/(89 + -88) is divided by v(-3)?
7
Let j(c) = c**2 - 10*c - 70. Calculate the remainder when 518 is divided by j(16).
24
Let v(a) = 2*a**2 + 3*a - 3. Suppose n - 5*s + 2*s = 3, 5 = -3*n + 2*s. Calculate the remainder when v(n) is divided by 2.
0
What is the remainder when 12 is divided by (8/(-40))/(((-3)/(-165))/(-1))?
1
Let j(k) = -k**3 + k**2 - k + 30. Let t = -15 - -24. Let m(q) = -q**3 + 9*q**2 + q + 7. Calculate the remainder when j(0) is divided by m(t).
14
What is the remainder when (-5656)/(-32) - -2*1/8 is divided by 18?
15
Let d = 2083 + -2043. Calculate the remainder when 52 is divided by d.
12
Let l(u) be the second derivative of 3*u - 1/12*u**4 + 1/2*u**2 + 0 - 3/2*u**3. What is the remainder when 29 is divided by l(-7)?
14
What is the remainder when 78 is divided by (-32)/(2 - 0 - 3)?
14
Suppose 0 = 76*t - 1942 - 186. What is the remainder when 699 is divided by t?
27
Calculate the remainder when (-716)/(-3)*33/22 is divided by 90.
88
Suppose -i - s = 5 - 13, 5*i - 4*s = -5. Let n(o) = 8*o - 2. Let r be n(i). Let u = r + -15. What is the remainder when 20 is divided by u?
6
Suppose 4*z = 11*z - 238. Calculate the remainder when (3/6 + 14/(-12))*-150 is divided by z.
32
Suppose -3*s + 5*v + 13 = 0, 0 = -4*s - 4*v - 0*v - 4. What is the remainder when s/((-398)/80 - -5) is divided by 9?
4
Let v(l) = l**3 - l**2 - l + 2. Let h(g) = -2*g + 1. Let t be h(-1). What is the remainder when 66 is divided by v(t)?
15
Suppose 6*g - 123 + 27 = 0. What is the remainder when 46 is divided by g?
14
Suppose 2*p - 2*x + 4*x - 58 = 0, -p + 39 = -x. Let m = 29 + -17. What is the remainder when p is divided by m?
10
Let o be 2 - -2 - (1 + 0). Let x(d) = 37*d - 8. Calculate the remainder when x(o) is divided by 35.
33
Suppose -3*c = 2*c + 255. Let l(g) = 26*g - 10. Let j be l(4). Let b = j + c. What is the remainder when b is divided by 22?
21
Suppose 2*m - 706 = -2*t, -5*t + 7*t + 368 = m. Calculate the remainder when m is divided by 45.
43
Suppose -9*z + 5*z - 4*i = -84, 3*i = -5*z + 113. What is the remainder when 64 is divided by z?
14
Let y(m) = -126*m - 432. Calculate the remainder when 148 is divided by y(-4).
4
Let z(i) = -i**3 + 5*i**2 + 8*i - 2. Suppose 3*k + 0*k - 6 = 3*w, k - 7 = 2*w. Calculate the remainder when -9*((-10)/(-15) + w) is divided by z(6).
9
Let r(p) = -81*p + 349. What is the remainder when 774 is divided by r(4)?
24
Let r = -20 + 26. Calculate the remainder when -2 - (r - 0)/((-6)/16) is divided by 6.
2
Suppose 43*y + 138 = 3*c + 45*y, 0 = 2*y. Suppose 5*w = -3*p + 20 + 29, 3*p - 43 = -2*w. Calculate the remainder when c is divided by p.
7
Let i = 1275 + -1240. What is the remainder when 209 is divided by i?
34
What is the remainder when 541 is divided by (935/220)/((-1)/(-4))?
14
Let a = -21 - -13. What is the remainder when 8 is divided by 1*4 - 8/a?
3
Suppose 0 = -13*n + 1873 + 1117. Calculate the remainder when n is divided by 17.
9
Let z = 100 + -21. Suppose -4*d + 49 = -139. Let i = d + -27. Calculate the remainder when z is divided by i.
19
Let n = -3104 - -3935. Calculate the remainder when n is divided by 64.
63
Calculate the remainder when -2 + (-1 - -4) - -174 is divided by 4.
3
Let p(l) = l**2 - 9*l + 5. Calculate the remainder when (68/51)/(4/237) is divided by p(12).
38
Let g(d) = -2*d**3 - 12*d**2 + 10*d + 15. What is the remainder when g(-8) is divided by 64?
63
Let o(s) = -11*s + 10. Let i be o(3). Let z = i + 26. Suppose 0 = -z*b + 19 + 53. What is the remainder when 95 is divided by b?
23
Let m(z) = 4*z - 15. Let v be m(7). Let t = v + -12. Let o = 3 - 1. What is the remainder when o is divided by t?
0
Suppose 12*h + 39*h = 39